{"id":18198,"date":"2017-12-07T10:51:45","date_gmt":"2017-12-07T10:51:45","guid":{"rendered":"https:\/\/norsklafteskole.no\/?post_type=product&#038;p=18198&#038;lang=en"},"modified":"2026-02-03T17:27:20","modified_gmt":"2026-02-03T17:27:20","slug":"stavlaft-bunnramme-og-staver","status":"publish","type":"product","link":"https:\/\/norsklafteskole.no\/index.php\/produkt\/stavlaft-bunnramme-og-staver\/","title":{"rendered":"VIDEO: STAVLAFT BUNNRAMME OG STAVER"},"content":{"rendered":"<p><strong>I denne videoen p\u00e5 50 minutter blir bunnrammen og stavene i et lite bygg p\u00e5 3&#215;4 meter behandlet.<\/strong> F\u00f8rst oppmerking og tilhugging av sammenf\u00f8yningen i bunnrammen, deretter stavene. Hvordan de blir merket opp, sk\u00e5ret ut og f\u00f8yd sammen med bunn og topprammen. Panelspor for utvendig kledning, oppmerking og utskj\u00e6ring av stavene samt avfasing for beslag p\u00e5 bunnrammen tas ogs\u00e5 med. Masse nyttige r\u00e5d og tips. Bunnrammen er 6&#215;8 toms og stavene 10&#215;10 toms virke. <strong>Videoen\u00a0kan leveres p\u00e5 minnepenn eller dvd<\/strong>.<\/p>\n","protected":false},"excerpt":{"rendered":"<p><strong>I denne videoen p\u00e5 50 minutter blir bunnramme og stavene i et lite bygg p\u00e5 3&#215;4 meter behandlet.<\/strong> F\u00f8rst oppmerking og tilhugging av sammenf\u00f8yningen i bunnrammen, deretter stavene. Masse nyttige r\u00e5d og tips.<strong> NB! Videoen viser ikke laftedelen av en stavlaft konstruksjon.<\/strong> For laftedelen trenger du: <strong><em>Bunnstokker i Laft og Gavltrekant i laft med \u00e5ser<\/em><\/strong>. <strong>Videoen kan leveres p\u00e5 minnepenn.<\/strong><\/p>\n","protected":false},"featured_media":18200,"comment_status":"open","ping_status":"closed","template":"","meta":[],"product_brand":[],"product_cat":[89],"product_tag":[],"class_list":{"0":"post-18198","1":"product","2":"type-product","3":"status-publish","4":"has-post-thumbnail","6":"product_cat-panorsk","7":"product_shipping_class-dvdshippingdomestic","8":"pa_physical-dvd-dvd","9":"pa_physical-dvd-nedlastbare","11":"first","12":"instock","13":"shipping-taxable","14":"purchasable","15":"product-type-variable"},"yoast_head":"<!-- This site is optimized with the Yoast SEO plugin v27.5 - https:\/\/yoast.com\/product\/yoast-seo-wordpress\/ -->\n<title>VIDEO: STAVLAFT BUNNRAMME OG STAVER - Norsk Lafteskole<\/title>\n<meta name=\"robots\" content=\"index, follow, max-snippet:-1, max-image-preview:large, max-video-preview:-1\" \/>\n<link rel=\"canonical\" href=\"https:\/\/norsklafteskole.no\/index.php\/produkt\/stavlaft-bunnramme-og-staver\/\" \/>\n<meta property=\"og:locale\" content=\"nb_NO\" \/>\n<meta property=\"og:type\" content=\"article\" \/>\n<meta property=\"og:title\" content=\"VIDEO: STAVLAFT BUNNRAMME OG STAVER - Norsk Lafteskole\" \/>\n<meta property=\"og:description\" content=\"I denne videoen p\u00e5 50 minutter blir bunnramme og stavene i et lite bygg p\u00e5 3x4 meter behandlet. F\u00f8rst oppmerking og tilhugging av sammenf\u00f8yningen i bunnrammen, deretter stavene. Masse nyttige r\u00e5d og tips. NB! Videoen viser ikke laftedelen av en stavlaft konstruksjon. For laftedelen trenger du: Bunnstokker i Laft og Gavltrekant i laft med \u00e5ser. Videoen kan leveres p\u00e5 minnepenn.\" \/>\n<meta property=\"og:url\" content=\"https:\/\/norsklafteskole.no\/index.php\/produkt\/stavlaft-bunnramme-og-staver\/\" \/>\n<meta property=\"og:site_name\" content=\"Norsk Lafteskole\" \/>\n<meta property=\"article:modified_time\" content=\"2026-02-03T17:27:20+00:00\" \/>\n<meta property=\"og:image\" content=\"https:\/\/norsklafteskole.no\/wp-content\/uploads\/2017\/12\/stavlaft-norsk.jpg\" \/>\n\t<meta property=\"og:image:width\" content=\"200\" \/>\n\t<meta property=\"og:image:height\" content=\"285\" \/>\n\t<meta property=\"og:image:type\" content=\"image\/jpeg\" \/>\n<meta name=\"twitter:card\" content=\"summary_large_image\" \/>\n<meta name=\"twitter:label1\" content=\"Ansl. lesetid\" \/>\n\t<meta name=\"twitter:data1\" content=\"1 minutt\" \/>\n<script type=\"application\/ld+json\" class=\"yoast-schema-graph\">{\"@context\":\"https:\\\/\\\/schema.org\",\"@graph\":[{\"@type\":\"WebPage\",\"@id\":\"https:\\\/\\\/norsklafteskole.no\\\/index.php\\\/produkt\\\/stavlaft-bunnramme-og-staver\\\/\",\"url\":\"https:\\\/\\\/norsklafteskole.no\\\/index.php\\\/produkt\\\/stavlaft-bunnramme-og-staver\\\/\",\"name\":\"VIDEO: STAVLAFT BUNNRAMME OG STAVER - Norsk Lafteskole\",\"isPartOf\":{\"@id\":\"https:\\\/\\\/norsklafteskole.no\\\/#website\"},\"primaryImageOfPage\":{\"@id\":\"https:\\\/\\\/norsklafteskole.no\\\/index.php\\\/produkt\\\/stavlaft-bunnramme-og-staver\\\/#primaryimage\"},\"image\":{\"@id\":\"https:\\\/\\\/norsklafteskole.no\\\/index.php\\\/produkt\\\/stavlaft-bunnramme-og-staver\\\/#primaryimage\"},\"thumbnailUrl\":\"https:\\\/\\\/norsklafteskole.no\\\/wp-content\\\/uploads\\\/2017\\\/12\\\/stavlaft-norsk.jpg\",\"datePublished\":\"2017-12-07T10:51:45+00:00\",\"dateModified\":\"2026-02-03T17:27:20+00:00\",\"breadcrumb\":{\"@id\":\"https:\\\/\\\/norsklafteskole.no\\\/index.php\\\/produkt\\\/stavlaft-bunnramme-og-staver\\\/#breadcrumb\"},\"inLanguage\":\"nb-NO\",\"potentialAction\":[{\"@type\":\"ReadAction\",\"target\":[\"https:\\\/\\\/norsklafteskole.no\\\/index.php\\\/produkt\\\/stavlaft-bunnramme-og-staver\\\/\"]}]},{\"@type\":\"ImageObject\",\"inLanguage\":\"nb-NO\",\"@id\":\"https:\\\/\\\/norsklafteskole.no\\\/index.php\\\/produkt\\\/stavlaft-bunnramme-og-staver\\\/#primaryimage\",\"url\":\"https:\\\/\\\/norsklafteskole.no\\\/wp-content\\\/uploads\\\/2017\\\/12\\\/stavlaft-norsk.jpg\",\"contentUrl\":\"https:\\\/\\\/norsklafteskole.no\\\/wp-content\\\/uploads\\\/2017\\\/12\\\/stavlaft-norsk.jpg\",\"width\":200,\"height\":285},{\"@type\":\"BreadcrumbList\",\"@id\":\"https:\\\/\\\/norsklafteskole.no\\\/index.php\\\/produkt\\\/stavlaft-bunnramme-og-staver\\\/#breadcrumb\",\"itemListElement\":[{\"@type\":\"ListItem\",\"position\":1,\"name\":\"Home\",\"item\":\"https:\\\/\\\/norsklafteskole.no\\\/\"},{\"@type\":\"ListItem\",\"position\":2,\"name\":\"Butikk\",\"item\":\"https:\\\/\\\/norsklafteskole.no\\\/index.php\\\/butikk\\\/\"},{\"@type\":\"ListItem\",\"position\":3,\"name\":\"VIDEO: STAVLAFT BUNNRAMME OG STAVER\"}]},{\"@type\":\"WebSite\",\"@id\":\"https:\\\/\\\/norsklafteskole.no\\\/#website\",\"url\":\"https:\\\/\\\/norsklafteskole.no\\\/\",\"name\":\"Norsk Lafteskole\",\"description\":\"Learn to build traditional log houses\",\"publisher\":{\"@id\":\"https:\\\/\\\/norsklafteskole.no\\\/#organization\"},\"potentialAction\":[{\"@type\":\"SearchAction\",\"target\":{\"@type\":\"EntryPoint\",\"urlTemplate\":\"https:\\\/\\\/norsklafteskole.no\\\/?s={search_term_string}\"},\"query-input\":{\"@type\":\"PropertyValueSpecification\",\"valueRequired\":true,\"valueName\":\"search_term_string\"}}],\"inLanguage\":\"nb-NO\"},{\"@type\":\"Organization\",\"@id\":\"https:\\\/\\\/norsklafteskole.no\\\/#organization\",\"name\":\"Norsk Lafteskole\",\"url\":\"https:\\\/\\\/norsklafteskole.no\\\/\",\"logo\":{\"@type\":\"ImageObject\",\"inLanguage\":\"nb-NO\",\"@id\":\"https:\\\/\\\/norsklafteskole.no\\\/#\\\/schema\\\/logo\\\/image\\\/\",\"url\":\"https:\\\/\\\/norsklafteskole.no\\\/wp-content\\\/uploads\\\/2014\\\/04\\\/Viklogo.jpg\",\"contentUrl\":\"https:\\\/\\\/norsklafteskole.no\\\/wp-content\\\/uploads\\\/2014\\\/04\\\/Viklogo.jpg\",\"width\":150,\"height\":225,\"caption\":\"Norsk Lafteskole\"},\"image\":{\"@id\":\"https:\\\/\\\/norsklafteskole.no\\\/#\\\/schema\\\/logo\\\/image\\\/\"}}]}<\/script>\n<!-- \/ Yoast SEO plugin. -->","yoast_head_json":{"title":"VIDEO: STAVLAFT BUNNRAMME OG STAVER - Norsk Lafteskole","robots":{"index":"index","follow":"follow","max-snippet":"max-snippet:-1","max-image-preview":"max-image-preview:large","max-video-preview":"max-video-preview:-1"},"canonical":"https:\/\/norsklafteskole.no\/index.php\/produkt\/stavlaft-bunnramme-og-staver\/","og_locale":"nb_NO","og_type":"article","og_title":"VIDEO: STAVLAFT BUNNRAMME OG STAVER - Norsk Lafteskole","og_description":"I denne videoen p\u00e5 50 minutter blir bunnramme og stavene i et lite bygg p\u00e5 3x4 meter behandlet. F\u00f8rst oppmerking og tilhugging av sammenf\u00f8yningen i bunnrammen, deretter stavene. Masse nyttige r\u00e5d og tips. NB! Videoen viser ikke laftedelen av en stavlaft konstruksjon. For laftedelen trenger du: Bunnstokker i Laft og Gavltrekant i laft med \u00e5ser. Videoen kan leveres p\u00e5 minnepenn.","og_url":"https:\/\/norsklafteskole.no\/index.php\/produkt\/stavlaft-bunnramme-og-staver\/","og_site_name":"Norsk Lafteskole","article_modified_time":"2026-02-03T17:27:20+00:00","og_image":[{"width":200,"height":285,"url":"https:\/\/norsklafteskole.no\/wp-content\/uploads\/2017\/12\/stavlaft-norsk.jpg","type":"image\/jpeg"}],"twitter_card":"summary_large_image","twitter_misc":{"Ansl. lesetid":"1 minutt"},"schema":{"@context":"https:\/\/schema.org","@graph":[{"@type":"WebPage","@id":"https:\/\/norsklafteskole.no\/index.php\/produkt\/stavlaft-bunnramme-og-staver\/","url":"https:\/\/norsklafteskole.no\/index.php\/produkt\/stavlaft-bunnramme-og-staver\/","name":"VIDEO: STAVLAFT BUNNRAMME OG STAVER - Norsk Lafteskole","isPartOf":{"@id":"https:\/\/norsklafteskole.no\/#website"},"primaryImageOfPage":{"@id":"https:\/\/norsklafteskole.no\/index.php\/produkt\/stavlaft-bunnramme-og-staver\/#primaryimage"},"image":{"@id":"https:\/\/norsklafteskole.no\/index.php\/produkt\/stavlaft-bunnramme-og-staver\/#primaryimage"},"thumbnailUrl":"https:\/\/norsklafteskole.no\/wp-content\/uploads\/2017\/12\/stavlaft-norsk.jpg","datePublished":"2017-12-07T10:51:45+00:00","dateModified":"2026-02-03T17:27:20+00:00","breadcrumb":{"@id":"https:\/\/norsklafteskole.no\/index.php\/produkt\/stavlaft-bunnramme-og-staver\/#breadcrumb"},"inLanguage":"nb-NO","potentialAction":[{"@type":"ReadAction","target":["https:\/\/norsklafteskole.no\/index.php\/produkt\/stavlaft-bunnramme-og-staver\/"]}]},{"@type":"ImageObject","inLanguage":"nb-NO","@id":"https:\/\/norsklafteskole.no\/index.php\/produkt\/stavlaft-bunnramme-og-staver\/#primaryimage","url":"https:\/\/norsklafteskole.no\/wp-content\/uploads\/2017\/12\/stavlaft-norsk.jpg","contentUrl":"https:\/\/norsklafteskole.no\/wp-content\/uploads\/2017\/12\/stavlaft-norsk.jpg","width":200,"height":285},{"@type":"BreadcrumbList","@id":"https:\/\/norsklafteskole.no\/index.php\/produkt\/stavlaft-bunnramme-og-staver\/#breadcrumb","itemListElement":[{"@type":"ListItem","position":1,"name":"Home","item":"https:\/\/norsklafteskole.no\/"},{"@type":"ListItem","position":2,"name":"Butikk","item":"https:\/\/norsklafteskole.no\/index.php\/butikk\/"},{"@type":"ListItem","position":3,"name":"VIDEO: STAVLAFT BUNNRAMME OG STAVER"}]},{"@type":"WebSite","@id":"https:\/\/norsklafteskole.no\/#website","url":"https:\/\/norsklafteskole.no\/","name":"Norsk Lafteskole","description":"Learn to build traditional log houses","publisher":{"@id":"https:\/\/norsklafteskole.no\/#organization"},"potentialAction":[{"@type":"SearchAction","target":{"@type":"EntryPoint","urlTemplate":"https:\/\/norsklafteskole.no\/?s={search_term_string}"},"query-input":{"@type":"PropertyValueSpecification","valueRequired":true,"valueName":"search_term_string"}}],"inLanguage":"nb-NO"},{"@type":"Organization","@id":"https:\/\/norsklafteskole.no\/#organization","name":"Norsk Lafteskole","url":"https:\/\/norsklafteskole.no\/","logo":{"@type":"ImageObject","inLanguage":"nb-NO","@id":"https:\/\/norsklafteskole.no\/#\/schema\/logo\/image\/","url":"https:\/\/norsklafteskole.no\/wp-content\/uploads\/2014\/04\/Viklogo.jpg","contentUrl":"https:\/\/norsklafteskole.no\/wp-content\/uploads\/2014\/04\/Viklogo.jpg","width":150,"height":225,"caption":"Norsk Lafteskole"},"image":{"@id":"https:\/\/norsklafteskole.no\/#\/schema\/logo\/image\/"}}]}},"_links":{"self":[{"href":"https:\/\/norsklafteskole.no\/index.php\/wp-json\/wp\/v2\/product\/18198","targetHints":{"allow":["GET"]}}],"collection":[{"href":"https:\/\/norsklafteskole.no\/index.php\/wp-json\/wp\/v2\/product"}],"about":[{"href":"https:\/\/norsklafteskole.no\/index.php\/wp-json\/wp\/v2\/types\/product"}],"replies":[{"embeddable":true,"href":"https:\/\/norsklafteskole.no\/index.php\/wp-json\/wp\/v2\/comments?post=18198"}],"wp:featuredmedia":[{"embeddable":true,"href":"https:\/\/norsklafteskole.no\/index.php\/wp-json\/wp\/v2\/media\/18200"}],"wp:attachment":[{"href":"https:\/\/norsklafteskole.no\/index.php\/wp-json\/wp\/v2\/media?parent=18198"}],"wp:term":[{"taxonomy":"product_brand","embeddable":true,"href":"https:\/\/norsklafteskole.no\/index.php\/wp-json\/wp\/v2\/product_brand?post=18198"},{"taxonomy":"product_cat","embeddable":true,"href":"https:\/\/norsklafteskole.no\/index.php\/wp-json\/wp\/v2\/product_cat?post=18198"},{"taxonomy":"product_tag","embeddable":true,"href":"https:\/\/norsklafteskole.no\/index.php\/wp-json\/wp\/v2\/product_tag?post=18198"}],"curies":[{"name":"wp","href":"https:\/\/api.w.org\/{rel}","templated":true}]}}