{"id":20561,"date":"2020-02-20T07:59:14","date_gmt":"2020-02-20T07:59:14","guid":{"rendered":"https:\/\/norsklafteskole.no\/index.php\/produkt\/round-log-gables-and-perlins-2\/"},"modified":"2023-07-16T20:01:55","modified_gmt":"2023-07-16T20:01:55","slug":"round-log-gables-and-perlins-2","status":"publish","type":"product","link":"https:\/\/norsklafteskole.no\/index.php\/produkt\/round-log-gables-and-perlins-2\/?lang=en","title":{"rendered":"VIDEO: GAVLER OG \u00c5SER MED RUNDT\u00d8MMER"},"content":{"rendered":"<p><strong>Videoen p\u00e5 64 min viser bygging av gavler og \u00e5ser med rundt\u00f8mmer.<\/strong> Etter oppmerking blir de \u00f8verste 4 stokkene fra et bygg p\u00e5 3&#215;4 meter flyttet til et overdekket arbeidsomr\u00e5de. Her vil du se konstruksjon av gavlene, innfelling og oppretting av \u00e5ser, sperreutak, skj\u00e6ring av gavlprofiler, panelspor og trimming av stokkender. Teknikker og metoder utviklet gjennom 23 \u00e5rs lafteskoledrift er gjort tilgjengelig her. <strong>Kan leveres p\u00e5 USB minnepenn.<\/strong><\/p>\n","protected":false},"excerpt":{"rendered":"<p><strong>Dvden p\u00e5 64 min viser bygging av gavler og \u00e5ser med rundt\u00f8mmer.<\/strong> Etter oppmerking blir de \u00f8verste 4 stokkene fra et bygg p\u00e5 3&#215;4 meter flyttet til et overdekket arbeidsomr\u00e5de. Her vil du se konstruksjon av gavlene, innfelling og oppretting av \u00e5ser, sperreutak, skj\u00e6ring av gavlprofiler, panelspor og trimming av stokkender. <strong>Kan n\u00e5 leveres p\u00e5 USB minnepenn.<\/strong><\/p>\n","protected":false},"featured_media":19294,"comment_status":"open","ping_status":"closed","template":"","meta":[],"product_brand":[],"product_cat":[69],"product_tag":[],"class_list":{"0":"post-20561","1":"product","2":"type-product","3":"status-publish","4":"has-post-thumbnail","6":"product_cat-norwegiancourses","7":"product_shipping_class-dvdshippingdomestic","8":"pa_physical-dvd-physical","9":"pa_physical-dvd-virtual","11":"first","12":"instock","13":"shipping-taxable","14":"purchasable","15":"product-type-variable"},"yoast_head":"<!-- This site is optimized with the Yoast SEO plugin v27.5 - https:\/\/yoast.com\/product\/yoast-seo-wordpress\/ -->\n<title>VIDEO: GAVLER OG \u00c5SER MED RUNDT\u00d8MMER - Norsk Lafteskole<\/title>\n<meta name=\"robots\" content=\"index, follow, max-snippet:-1, max-image-preview:large, max-video-preview:-1\" \/>\n<link rel=\"canonical\" href=\"https:\/\/norsklafteskole.no\/index.php\/produkt\/round-log-gables-and-perlins\/\" \/>\n<meta property=\"og:locale\" content=\"nb_NO\" \/>\n<meta property=\"og:type\" content=\"article\" \/>\n<meta property=\"og:title\" content=\"VIDEO: GAVLER OG \u00c5SER MED RUNDT\u00d8MMER - Norsk Lafteskole\" \/>\n<meta property=\"og:description\" content=\"Dvden p\u00e5 64 min viser bygging av gavler og \u00e5ser med rundt\u00f8mmer. Etter oppmerking blir de \u00f8verste 4 stokkene fra et bygg p\u00e5 3x4 meter flyttet til et overdekket arbeidsomr\u00e5de. Her vil du se konstruksjon av gavlene, innfelling og oppretting av \u00e5ser, sperreutak, skj\u00e6ring av gavlprofiler, panelspor og trimming av stokkender. Kan n\u00e5 leveres p\u00e5 USB minnepenn.\" \/>\n<meta property=\"og:url\" content=\"https:\/\/norsklafteskole.no\/index.php\/produkt\/round-log-gables-and-perlins\/\" \/>\n<meta property=\"og:site_name\" content=\"Norsk Lafteskole\" \/>\n<meta property=\"article:modified_time\" content=\"2023-07-16T20:01:55+00:00\" \/>\n<meta property=\"og:image\" content=\"https:\/\/norsklafteskole.no\/wp-content\/uploads\/2020\/02\/gavler-og-aaser-med-rundtommer-thumb.jpg\" \/>\n\t<meta property=\"og:image:width\" content=\"200\" \/>\n\t<meta property=\"og:image:height\" content=\"286\" \/>\n\t<meta property=\"og:image:type\" content=\"image\/jpeg\" \/>\n<meta name=\"twitter:card\" content=\"summary_large_image\" \/>\n<script type=\"application\/ld+json\" class=\"yoast-schema-graph\">{\"@context\":\"https:\\\/\\\/schema.org\",\"@graph\":[{\"@type\":\"WebPage\",\"@id\":\"https:\\\/\\\/norsklafteskole.no\\\/index.php\\\/produkt\\\/round-log-gables-and-perlins\\\/\",\"url\":\"https:\\\/\\\/norsklafteskole.no\\\/index.php\\\/produkt\\\/round-log-gables-and-perlins\\\/\",\"name\":\"VIDEO: GAVLER OG \u00c5SER MED RUNDT\u00d8MMER - Norsk Lafteskole\",\"isPartOf\":{\"@id\":\"https:\\\/\\\/norsklafteskole.no\\\/#website\"},\"primaryImageOfPage\":{\"@id\":\"https:\\\/\\\/norsklafteskole.no\\\/index.php\\\/produkt\\\/round-log-gables-and-perlins\\\/#primaryimage\"},\"image\":{\"@id\":\"https:\\\/\\\/norsklafteskole.no\\\/index.php\\\/produkt\\\/round-log-gables-and-perlins\\\/#primaryimage\"},\"thumbnailUrl\":\"https:\\\/\\\/norsklafteskole.no\\\/wp-content\\\/uploads\\\/2020\\\/02\\\/gavler-og-aaser-med-rundtommer-thumb.jpg\",\"datePublished\":\"2020-02-20T07:59:14+00:00\",\"dateModified\":\"2023-07-16T20:01:55+00:00\",\"breadcrumb\":{\"@id\":\"https:\\\/\\\/norsklafteskole.no\\\/index.php\\\/produkt\\\/round-log-gables-and-perlins\\\/#breadcrumb\"},\"inLanguage\":\"nb-NO\",\"potentialAction\":[{\"@type\":\"ReadAction\",\"target\":[\"https:\\\/\\\/norsklafteskole.no\\\/index.php\\\/produkt\\\/round-log-gables-and-perlins\\\/\"]}]},{\"@type\":\"ImageObject\",\"inLanguage\":\"nb-NO\",\"@id\":\"https:\\\/\\\/norsklafteskole.no\\\/index.php\\\/produkt\\\/round-log-gables-and-perlins\\\/#primaryimage\",\"url\":\"https:\\\/\\\/norsklafteskole.no\\\/wp-content\\\/uploads\\\/2020\\\/02\\\/gavler-og-aaser-med-rundtommer-thumb.jpg\",\"contentUrl\":\"https:\\\/\\\/norsklafteskole.no\\\/wp-content\\\/uploads\\\/2020\\\/02\\\/gavler-og-aaser-med-rundtommer-thumb.jpg\",\"width\":200,\"height\":286},{\"@type\":\"BreadcrumbList\",\"@id\":\"https:\\\/\\\/norsklafteskole.no\\\/index.php\\\/produkt\\\/round-log-gables-and-perlins\\\/#breadcrumb\",\"itemListElement\":[{\"@type\":\"ListItem\",\"position\":1,\"name\":\"Home\",\"item\":\"https:\\\/\\\/norsklafteskole.no\\\/\"},{\"@type\":\"ListItem\",\"position\":2,\"name\":\"Butikk\",\"item\":\"https:\\\/\\\/norsklafteskole.no\\\/index.php\\\/butikk\\\/\"},{\"@type\":\"ListItem\",\"position\":3,\"name\":\"VIDEO: GAVLER OG \u00c5SER MED RUNDT\u00d8MMER\"}]},{\"@type\":\"WebSite\",\"@id\":\"https:\\\/\\\/norsklafteskole.no\\\/#website\",\"url\":\"https:\\\/\\\/norsklafteskole.no\\\/\",\"name\":\"Norsk Lafteskole\",\"description\":\"Learn to build traditional log houses\",\"publisher\":{\"@id\":\"https:\\\/\\\/norsklafteskole.no\\\/#organization\"},\"potentialAction\":[{\"@type\":\"SearchAction\",\"target\":{\"@type\":\"EntryPoint\",\"urlTemplate\":\"https:\\\/\\\/norsklafteskole.no\\\/?s={search_term_string}\"},\"query-input\":{\"@type\":\"PropertyValueSpecification\",\"valueRequired\":true,\"valueName\":\"search_term_string\"}}],\"inLanguage\":\"nb-NO\"},{\"@type\":\"Organization\",\"@id\":\"https:\\\/\\\/norsklafteskole.no\\\/#organization\",\"name\":\"Norsk Lafteskole\",\"url\":\"https:\\\/\\\/norsklafteskole.no\\\/\",\"logo\":{\"@type\":\"ImageObject\",\"inLanguage\":\"nb-NO\",\"@id\":\"https:\\\/\\\/norsklafteskole.no\\\/#\\\/schema\\\/logo\\\/image\\\/\",\"url\":\"https:\\\/\\\/norsklafteskole.no\\\/wp-content\\\/uploads\\\/2014\\\/04\\\/Viklogo.jpg\",\"contentUrl\":\"https:\\\/\\\/norsklafteskole.no\\\/wp-content\\\/uploads\\\/2014\\\/04\\\/Viklogo.jpg\",\"width\":150,\"height\":225,\"caption\":\"Norsk Lafteskole\"},\"image\":{\"@id\":\"https:\\\/\\\/norsklafteskole.no\\\/#\\\/schema\\\/logo\\\/image\\\/\"}}]}<\/script>\n<!-- \/ Yoast SEO plugin. -->","yoast_head_json":{"title":"VIDEO: GAVLER OG \u00c5SER MED RUNDT\u00d8MMER - Norsk Lafteskole","robots":{"index":"index","follow":"follow","max-snippet":"max-snippet:-1","max-image-preview":"max-image-preview:large","max-video-preview":"max-video-preview:-1"},"canonical":"https:\/\/norsklafteskole.no\/index.php\/produkt\/round-log-gables-and-perlins\/","og_locale":"nb_NO","og_type":"article","og_title":"VIDEO: GAVLER OG \u00c5SER MED RUNDT\u00d8MMER - Norsk Lafteskole","og_description":"Dvden p\u00e5 64 min viser bygging av gavler og \u00e5ser med rundt\u00f8mmer. Etter oppmerking blir de \u00f8verste 4 stokkene fra et bygg p\u00e5 3x4 meter flyttet til et overdekket arbeidsomr\u00e5de. Her vil du se konstruksjon av gavlene, innfelling og oppretting av \u00e5ser, sperreutak, skj\u00e6ring av gavlprofiler, panelspor og trimming av stokkender. Kan n\u00e5 leveres p\u00e5 USB minnepenn.","og_url":"https:\/\/norsklafteskole.no\/index.php\/produkt\/round-log-gables-and-perlins\/","og_site_name":"Norsk Lafteskole","article_modified_time":"2023-07-16T20:01:55+00:00","og_image":[{"width":200,"height":286,"url":"https:\/\/norsklafteskole.no\/wp-content\/uploads\/2020\/02\/gavler-og-aaser-med-rundtommer-thumb.jpg","type":"image\/jpeg"}],"twitter_card":"summary_large_image","schema":{"@context":"https:\/\/schema.org","@graph":[{"@type":"WebPage","@id":"https:\/\/norsklafteskole.no\/index.php\/produkt\/round-log-gables-and-perlins\/","url":"https:\/\/norsklafteskole.no\/index.php\/produkt\/round-log-gables-and-perlins\/","name":"VIDEO: GAVLER OG \u00c5SER MED RUNDT\u00d8MMER - Norsk Lafteskole","isPartOf":{"@id":"https:\/\/norsklafteskole.no\/#website"},"primaryImageOfPage":{"@id":"https:\/\/norsklafteskole.no\/index.php\/produkt\/round-log-gables-and-perlins\/#primaryimage"},"image":{"@id":"https:\/\/norsklafteskole.no\/index.php\/produkt\/round-log-gables-and-perlins\/#primaryimage"},"thumbnailUrl":"https:\/\/norsklafteskole.no\/wp-content\/uploads\/2020\/02\/gavler-og-aaser-med-rundtommer-thumb.jpg","datePublished":"2020-02-20T07:59:14+00:00","dateModified":"2023-07-16T20:01:55+00:00","breadcrumb":{"@id":"https:\/\/norsklafteskole.no\/index.php\/produkt\/round-log-gables-and-perlins\/#breadcrumb"},"inLanguage":"nb-NO","potentialAction":[{"@type":"ReadAction","target":["https:\/\/norsklafteskole.no\/index.php\/produkt\/round-log-gables-and-perlins\/"]}]},{"@type":"ImageObject","inLanguage":"nb-NO","@id":"https:\/\/norsklafteskole.no\/index.php\/produkt\/round-log-gables-and-perlins\/#primaryimage","url":"https:\/\/norsklafteskole.no\/wp-content\/uploads\/2020\/02\/gavler-og-aaser-med-rundtommer-thumb.jpg","contentUrl":"https:\/\/norsklafteskole.no\/wp-content\/uploads\/2020\/02\/gavler-og-aaser-med-rundtommer-thumb.jpg","width":200,"height":286},{"@type":"BreadcrumbList","@id":"https:\/\/norsklafteskole.no\/index.php\/produkt\/round-log-gables-and-perlins\/#breadcrumb","itemListElement":[{"@type":"ListItem","position":1,"name":"Home","item":"https:\/\/norsklafteskole.no\/"},{"@type":"ListItem","position":2,"name":"Butikk","item":"https:\/\/norsklafteskole.no\/index.php\/butikk\/"},{"@type":"ListItem","position":3,"name":"VIDEO: GAVLER OG \u00c5SER MED RUNDT\u00d8MMER"}]},{"@type":"WebSite","@id":"https:\/\/norsklafteskole.no\/#website","url":"https:\/\/norsklafteskole.no\/","name":"Norsk Lafteskole","description":"Learn to build traditional log houses","publisher":{"@id":"https:\/\/norsklafteskole.no\/#organization"},"potentialAction":[{"@type":"SearchAction","target":{"@type":"EntryPoint","urlTemplate":"https:\/\/norsklafteskole.no\/?s={search_term_string}"},"query-input":{"@type":"PropertyValueSpecification","valueRequired":true,"valueName":"search_term_string"}}],"inLanguage":"nb-NO"},{"@type":"Organization","@id":"https:\/\/norsklafteskole.no\/#organization","name":"Norsk Lafteskole","url":"https:\/\/norsklafteskole.no\/","logo":{"@type":"ImageObject","inLanguage":"nb-NO","@id":"https:\/\/norsklafteskole.no\/#\/schema\/logo\/image\/","url":"https:\/\/norsklafteskole.no\/wp-content\/uploads\/2014\/04\/Viklogo.jpg","contentUrl":"https:\/\/norsklafteskole.no\/wp-content\/uploads\/2014\/04\/Viklogo.jpg","width":150,"height":225,"caption":"Norsk Lafteskole"},"image":{"@id":"https:\/\/norsklafteskole.no\/#\/schema\/logo\/image\/"}}]}},"_links":{"self":[{"href":"https:\/\/norsklafteskole.no\/index.php\/wp-json\/wp\/v2\/product\/20561","targetHints":{"allow":["GET"]}}],"collection":[{"href":"https:\/\/norsklafteskole.no\/index.php\/wp-json\/wp\/v2\/product"}],"about":[{"href":"https:\/\/norsklafteskole.no\/index.php\/wp-json\/wp\/v2\/types\/product"}],"replies":[{"embeddable":true,"href":"https:\/\/norsklafteskole.no\/index.php\/wp-json\/wp\/v2\/comments?post=20561"}],"wp:featuredmedia":[{"embeddable":true,"href":"https:\/\/norsklafteskole.no\/index.php\/wp-json\/wp\/v2\/media\/19294"}],"wp:attachment":[{"href":"https:\/\/norsklafteskole.no\/index.php\/wp-json\/wp\/v2\/media?parent=20561"}],"wp:term":[{"taxonomy":"product_brand","embeddable":true,"href":"https:\/\/norsklafteskole.no\/index.php\/wp-json\/wp\/v2\/product_brand?post=20561"},{"taxonomy":"product_cat","embeddable":true,"href":"https:\/\/norsklafteskole.no\/index.php\/wp-json\/wp\/v2\/product_cat?post=20561"},{"taxonomy":"product_tag","embeddable":true,"href":"https:\/\/norsklafteskole.no\/index.php\/wp-json\/wp\/v2\/product_tag?post=20561"}],"curies":[{"name":"wp","href":"https:\/\/api.w.org\/{rel}","templated":true}]}}